{"id":1226,"date":"2024-04-02T07:49:23","date_gmt":"2024-04-02T05:49:23","guid":{"rendered":"https:\/\/www.somme-compostelle.fr\/?page_id=1226"},"modified":"2024-08-20T10:49:45","modified_gmt":"2024-08-20T08:49:45","slug":"federation-associations-compostelle","status":"publish","type":"page","link":"https:\/\/somme-compostelle.fr\/index.php\/federation-associations-compostelle\/","title":{"rendered":"F\u00e9d\u00e9ration associations Compostelle"},"content":{"rendered":"\r\n<p class=\"has-text-align-justify\" style=\"text-align: justify;\">LLLLLLLLLNotre association fait partie d&#8217;une f\u00e9d\u00e9ration d&#8217;associations Compostellanes, la <a href=\"https:\/\/www.compostelle-france.fr\/\"><strong>FFACC <\/strong><\/a>(F\u00e9d\u00e9ration Fran\u00e7aise des Associations des Chemins de Saint Jacques de Compostelle). Le but de cette association est de regrouper les associations Fran\u00e7aises et de repr\u00e9senter et de d\u00e9velopper le mouvement jacquaire en France. Plus pr\u00e9cis\u00e9ment le travail de la f\u00e9d\u00e9ration se concentre sur 4 axes :<\/p>\r\n\r\n\r\n\r\n<ul class=\"wp-block-list\">\r\n<li><strong>Culturelle <\/strong>: reconnue par le Conseil de l\u2019Europe, en assurant la recherche, les \u00e9tudes, l\u2019inventaire et l\u2019extension du patrimoine jacquaire.<\/li>\r\n\r\n\r\n\r\n<li><strong>Hospitalit\u00e9<\/strong> : et d\u2019assistance au profit de tout p\u00e8lerin \u2018en marche vers Compostelle.<\/li>\r\n\r\n\r\n\r\n<li><strong>Partage<\/strong> : en favorisant l\u2019union par les rencontres au sein des associations membres.<\/li>\r\n\r\n\r\n\r\n<li><strong>Spirituelle<\/strong> : pr\u00e9servant, dans la tol\u00e9rance des aspirations personnelles, l\u2019\u00e9thique de ce chemin d\u00e9clar\u00e9 patrimoine mondial de l\u2019Humanit\u00e9 par l\u2019UNESCO<\/li>\r\n<\/ul>\r\n\r\n\r\n\r\n<div class=\"wp-block-media-text is-stacked-on-mobile\" style=\"grid-template-columns: 23% auto;\">\r\n<figure class=\"wp-block-media-text__media\"><img loading=\"lazy\" decoding=\"async\" width=\"1377\" height=\"2048\" class=\"wp-image-1231 size-full\" src=\"https:\/\/www.somme-compostelle.fr\/wp-content\/uploads\/2024\/03\/2022-10-15-Declaration-Europa-Compostela-ARAS-jpg-1377x2048.jpg\" alt=\"D\u00e9claration d'intention de la f\u00e9d\u00e9ration des associations de Compostelle\" srcset=\"https:\/\/somme-compostelle.fr\/wp-content\/uploads\/2024\/03\/2022-10-15-Declaration-Europa-Compostela-ARAS-jpg-1377x2048.jpg 1377w, https:\/\/somme-compostelle.fr\/wp-content\/uploads\/2024\/03\/2022-10-15-Declaration-Europa-Compostela-ARAS-jpg-202x300.jpg 202w, https:\/\/somme-compostelle.fr\/wp-content\/uploads\/2024\/03\/2022-10-15-Declaration-Europa-Compostela-ARAS-jpg-101x150.jpg 101w, https:\/\/somme-compostelle.fr\/wp-content\/uploads\/2024\/03\/2022-10-15-Declaration-Europa-Compostela-ARAS-jpg-768x1142.jpg 768w, https:\/\/somme-compostelle.fr\/wp-content\/uploads\/2024\/03\/2022-10-15-Declaration-Europa-Compostela-ARAS-jpg-1033x1536.jpg 1033w, https:\/\/somme-compostelle.fr\/wp-content\/uploads\/2024\/03\/2022-10-15-Declaration-Europa-Compostela-ARAS-jpg-1320x1964.jpg 1320w, https:\/\/somme-compostelle.fr\/wp-content\/uploads\/2024\/03\/2022-10-15-Declaration-Europa-Compostela-ARAS-jpg-600x893.jpg 600w, https:\/\/somme-compostelle.fr\/wp-content\/uploads\/2024\/03\/2022-10-15-Declaration-Europa-Compostela-ARAS-jpg-scaled.jpg 1721w\" sizes=\"auto, (max-width: 1377px) 100vw, 1377px\" \/><\/figure>\r\n<div class=\"wp-block-media-text__content\">\r\n<p class=\"has-text-align-justify\">L&#8217;actualit\u00e9 principale de la f\u00e9d\u00e9ration est la mise en ordre de marche pour la cr\u00e9ation d&#8217;une instance Europ\u00e9enne <strong><em>&#8220;Europa Compostella&#8221;<\/em><\/strong> regroupant les principales f\u00e9d\u00e9rations des diff\u00e9rents pays Europ\u00e9ens. L&#8217;officialisation de cette instance devrait se faire cette ann\u00e9e \u00e0 Santiago. Nous avons valid\u00e9s les futurs statuts dont vous trouverez une copie ici m\u00eame. L&#8217;association a r\u00e9dig\u00e9 ces statuts\u00a0 en trois langues (Fran\u00e7ais, Espagnol et Anglais). Enfin, vous trouverez en suivant <a href=\"https:\/\/www.somme-compostelle.fr\/wp-content\/uploads\/2024\/04\/2024-02-10-STATUTS-loi-belge-definie-Camino-Europa-Compostela-1.pdf\"><strong>ce lien<\/strong><\/a> les statuts tels qu&#8217;ils sont envisag\u00e9s \u00e0 l&#8217;heure actuelle. Le r\u00e8glement int\u00e9rieur est \u00e9galement disponible <strong><a href=\"https:\/\/www.somme-compostelle.fr\/wp-content\/uploads\/2024\/03\/2024-02-01-ROI-Camino-Europa-Compostela-Paris-.pdf\">ici<\/a><\/strong>.<\/p>\r\n<\/div>\r\n<\/div>\r\n","protected":false},"excerpt":{"rendered":"<p>LLLLLLLLLNotre association fait partie d&#8217;une f\u00e9d\u00e9ration d&#8217;associations Compostellanes, la FFACC (F\u00e9d\u00e9ration Fran\u00e7aise des Associations des Chemins de Saint Jacques de Compostelle). Le but de cette &hellip; <\/p>\n","protected":false},"author":2,"featured_media":0,"parent":0,"menu_order":0,"comment_status":"closed","ping_status":"closed","template":"","meta":{"_EventAllDay":false,"_EventTimezone":"","_EventStartDate":"","_EventEndDate":"","_EventStartDateUTC":"","_EventEndDateUTC":"","_EventShowMap":false,"_EventShowMapLink":false,"_EventURL":"","_EventCost":"","_EventCostDescription":"","_EventCurrencySymbol":"","_EventCurrencyCode":"","_EventCurrencyPosition":"","_EventDateTimeSeparator":"","_EventTimeRangeSeparator":"","_EventOrganizerID":[],"_EventVenueID":[],"_OrganizerEmail":"","_OrganizerPhone":"","_OrganizerWebsite":"","_VenueAddress":"","_VenueCity":"","_VenueCountry":"","_VenueProvince":"","_VenueState":"","_VenueZip":"","_VenuePhone":"","_VenueURL":"","_VenueStateProvince":"","_VenueLat":"","_VenueLng":"","_VenueShowMap":false,"_VenueShowMapLink":false,"footnotes":""},"class_list":["post-1226","page","type-page","status-publish","hentry"],"yoast_head":"<!-- This site is optimized with the Yoast SEO plugin v27.6 - https:\/\/yoast.com\/product\/yoast-seo-wordpress\/ -->\n<title>f\u00e9d\u00e9ration associations compostelle<\/title>\n<meta name=\"description\" content=\"Page consacr\u00e9e \u00e0 l&#039;information sur la f\u00e9d\u00e9ration des associations de Compostelle. Toutes les derni\u00e8res actualit\u00e9s sur la FFACC\" \/>\n<meta name=\"robots\" content=\"index, follow, max-snippet:-1, max-image-preview:large, max-video-preview:-1\" \/>\n<link rel=\"canonical\" href=\"https:\/\/somme-compostelle.fr\/index.php\/federation-associations-compostelle\/\" \/>\n<meta property=\"og:locale\" content=\"fr_FR\" \/>\n<meta property=\"og:type\" content=\"article\" \/>\n<meta property=\"og:title\" content=\"f\u00e9d\u00e9ration associations compostelle\" \/>\n<meta property=\"og:description\" content=\"Page consacr\u00e9e \u00e0 l&#039;information sur la f\u00e9d\u00e9ration des associations de Compostelle. Toutes les derni\u00e8res actualit\u00e9s sur la FFACC\" \/>\n<meta property=\"og:url\" content=\"https:\/\/somme-compostelle.fr\/index.php\/federation-associations-compostelle\/\" \/>\n<meta property=\"og:site_name\" content=\"Somme Compostelle\" \/>\n<meta property=\"article:publisher\" content=\"https:\/\/www.facebook.com\/sommeCompostelle\/\" \/>\n<meta property=\"article:modified_time\" content=\"2024-08-20T08:49:45+00:00\" \/>\n<meta property=\"og:image\" content=\"https:\/\/www.somme-compostelle.fr\/wp-content\/uploads\/2024\/03\/2022-10-15-Declaration-Europa-Compostela-ARAS-jpg-1377x2048.jpg\" \/>\n<meta name=\"twitter:card\" content=\"summary_large_image\" \/>\n<meta name=\"twitter:label1\" content=\"Dur\u00e9e de lecture estim\u00e9e\" \/>\n\t<meta name=\"twitter:data1\" content=\"2 minutes\" \/>\n<script type=\"application\/ld+json\" class=\"yoast-schema-graph\">{\"@context\":\"https:\\\/\\\/schema.org\",\"@graph\":[{\"@type\":\"WebPage\",\"@id\":\"https:\\\/\\\/somme-compostelle.fr\\\/index.php\\\/federation-associations-compostelle\\\/\",\"url\":\"https:\\\/\\\/somme-compostelle.fr\\\/index.php\\\/federation-associations-compostelle\\\/\",\"name\":\"f\u00e9d\u00e9ration associations compostelle\",\"isPartOf\":{\"@id\":\"https:\\\/\\\/somme-compostelle.fr\\\/#website\"},\"primaryImageOfPage\":{\"@id\":\"https:\\\/\\\/somme-compostelle.fr\\\/index.php\\\/federation-associations-compostelle\\\/#primaryimage\"},\"image\":{\"@id\":\"https:\\\/\\\/somme-compostelle.fr\\\/index.php\\\/federation-associations-compostelle\\\/#primaryimage\"},\"thumbnailUrl\":\"https:\\\/\\\/www.somme-compostelle.fr\\\/wp-content\\\/uploads\\\/2024\\\/03\\\/2022-10-15-Declaration-Europa-Compostela-ARAS-jpg-1377x2048.jpg\",\"datePublished\":\"2024-04-02T05:49:23+00:00\",\"dateModified\":\"2024-08-20T08:49:45+00:00\",\"description\":\"Page consacr\u00e9e \u00e0 l'information sur la f\u00e9d\u00e9ration des associations de Compostelle. Toutes les derni\u00e8res actualit\u00e9s sur la FFACC\",\"breadcrumb\":{\"@id\":\"https:\\\/\\\/somme-compostelle.fr\\\/index.php\\\/federation-associations-compostelle\\\/#breadcrumb\"},\"inLanguage\":\"fr-FR\",\"potentialAction\":[{\"@type\":\"ReadAction\",\"target\":[\"https:\\\/\\\/somme-compostelle.fr\\\/index.php\\\/federation-associations-compostelle\\\/\"]}]},{\"@type\":\"ImageObject\",\"inLanguage\":\"fr-FR\",\"@id\":\"https:\\\/\\\/somme-compostelle.fr\\\/index.php\\\/federation-associations-compostelle\\\/#primaryimage\",\"url\":\"https:\\\/\\\/www.somme-compostelle.fr\\\/wp-content\\\/uploads\\\/2024\\\/03\\\/2022-10-15-Declaration-Europa-Compostela-ARAS-jpg-1377x2048.jpg\",\"contentUrl\":\"https:\\\/\\\/www.somme-compostelle.fr\\\/wp-content\\\/uploads\\\/2024\\\/03\\\/2022-10-15-Declaration-Europa-Compostela-ARAS-jpg-1377x2048.jpg\"},{\"@type\":\"BreadcrumbList\",\"@id\":\"https:\\\/\\\/somme-compostelle.fr\\\/index.php\\\/federation-associations-compostelle\\\/#breadcrumb\",\"itemListElement\":[{\"@type\":\"ListItem\",\"position\":1,\"name\":\"Home\",\"item\":\"https:\\\/\\\/somme-compostelle.fr\\\/\"},{\"@type\":\"ListItem\",\"position\":2,\"name\":\"F\u00e9d\u00e9ration associations Compostelle\"}]},{\"@type\":\"WebSite\",\"@id\":\"https:\\\/\\\/somme-compostelle.fr\\\/#website\",\"url\":\"https:\\\/\\\/somme-compostelle.fr\\\/\",\"name\":\"Somme Compostelle\",\"description\":\"Le chemin est la destination !\",\"publisher\":{\"@id\":\"https:\\\/\\\/somme-compostelle.fr\\\/#organization\"},\"potentialAction\":[{\"@type\":\"SearchAction\",\"target\":{\"@type\":\"EntryPoint\",\"urlTemplate\":\"https:\\\/\\\/somme-compostelle.fr\\\/?s={search_term_string}\"},\"query-input\":{\"@type\":\"PropertyValueSpecification\",\"valueRequired\":true,\"valueName\":\"search_term_string\"}}],\"inLanguage\":\"fr-FR\"},{\"@type\":\"Organization\",\"@id\":\"https:\\\/\\\/somme-compostelle.fr\\\/#organization\",\"name\":\"Somme Compostelle\",\"url\":\"https:\\\/\\\/somme-compostelle.fr\\\/\",\"logo\":{\"@type\":\"ImageObject\",\"inLanguage\":\"fr-FR\",\"@id\":\"https:\\\/\\\/somme-compostelle.fr\\\/#\\\/schema\\\/logo\\\/image\\\/\",\"url\":\"\",\"contentUrl\":\"\",\"caption\":\"Somme Compostelle\"},\"image\":{\"@id\":\"https:\\\/\\\/somme-compostelle.fr\\\/#\\\/schema\\\/logo\\\/image\\\/\"},\"sameAs\":[\"https:\\\/\\\/www.facebook.com\\\/sommeCompostelle\\\/\"]}]}<\/script>\n<!-- \/ Yoast SEO plugin. -->","yoast_head_json":{"title":"f\u00e9d\u00e9ration associations compostelle","description":"Page consacr\u00e9e \u00e0 l'information sur la f\u00e9d\u00e9ration des associations de Compostelle. Toutes les derni\u00e8res actualit\u00e9s sur la FFACC","robots":{"index":"index","follow":"follow","max-snippet":"max-snippet:-1","max-image-preview":"max-image-preview:large","max-video-preview":"max-video-preview:-1"},"canonical":"https:\/\/somme-compostelle.fr\/index.php\/federation-associations-compostelle\/","og_locale":"fr_FR","og_type":"article","og_title":"f\u00e9d\u00e9ration associations compostelle","og_description":"Page consacr\u00e9e \u00e0 l'information sur la f\u00e9d\u00e9ration des associations de Compostelle. Toutes les derni\u00e8res actualit\u00e9s sur la FFACC","og_url":"https:\/\/somme-compostelle.fr\/index.php\/federation-associations-compostelle\/","og_site_name":"Somme Compostelle","article_publisher":"https:\/\/www.facebook.com\/sommeCompostelle\/","article_modified_time":"2024-08-20T08:49:45+00:00","og_image":[{"url":"https:\/\/www.somme-compostelle.fr\/wp-content\/uploads\/2024\/03\/2022-10-15-Declaration-Europa-Compostela-ARAS-jpg-1377x2048.jpg","type":"","width":"","height":""}],"twitter_card":"summary_large_image","twitter_misc":{"Dur\u00e9e de lecture estim\u00e9e":"2 minutes"},"schema":{"@context":"https:\/\/schema.org","@graph":[{"@type":"WebPage","@id":"https:\/\/somme-compostelle.fr\/index.php\/federation-associations-compostelle\/","url":"https:\/\/somme-compostelle.fr\/index.php\/federation-associations-compostelle\/","name":"f\u00e9d\u00e9ration associations compostelle","isPartOf":{"@id":"https:\/\/somme-compostelle.fr\/#website"},"primaryImageOfPage":{"@id":"https:\/\/somme-compostelle.fr\/index.php\/federation-associations-compostelle\/#primaryimage"},"image":{"@id":"https:\/\/somme-compostelle.fr\/index.php\/federation-associations-compostelle\/#primaryimage"},"thumbnailUrl":"https:\/\/www.somme-compostelle.fr\/wp-content\/uploads\/2024\/03\/2022-10-15-Declaration-Europa-Compostela-ARAS-jpg-1377x2048.jpg","datePublished":"2024-04-02T05:49:23+00:00","dateModified":"2024-08-20T08:49:45+00:00","description":"Page consacr\u00e9e \u00e0 l'information sur la f\u00e9d\u00e9ration des associations de Compostelle. Toutes les derni\u00e8res actualit\u00e9s sur la FFACC","breadcrumb":{"@id":"https:\/\/somme-compostelle.fr\/index.php\/federation-associations-compostelle\/#breadcrumb"},"inLanguage":"fr-FR","potentialAction":[{"@type":"ReadAction","target":["https:\/\/somme-compostelle.fr\/index.php\/federation-associations-compostelle\/"]}]},{"@type":"ImageObject","inLanguage":"fr-FR","@id":"https:\/\/somme-compostelle.fr\/index.php\/federation-associations-compostelle\/#primaryimage","url":"https:\/\/www.somme-compostelle.fr\/wp-content\/uploads\/2024\/03\/2022-10-15-Declaration-Europa-Compostela-ARAS-jpg-1377x2048.jpg","contentUrl":"https:\/\/www.somme-compostelle.fr\/wp-content\/uploads\/2024\/03\/2022-10-15-Declaration-Europa-Compostela-ARAS-jpg-1377x2048.jpg"},{"@type":"BreadcrumbList","@id":"https:\/\/somme-compostelle.fr\/index.php\/federation-associations-compostelle\/#breadcrumb","itemListElement":[{"@type":"ListItem","position":1,"name":"Home","item":"https:\/\/somme-compostelle.fr\/"},{"@type":"ListItem","position":2,"name":"F\u00e9d\u00e9ration associations Compostelle"}]},{"@type":"WebSite","@id":"https:\/\/somme-compostelle.fr\/#website","url":"https:\/\/somme-compostelle.fr\/","name":"Somme Compostelle","description":"Le chemin est la destination !","publisher":{"@id":"https:\/\/somme-compostelle.fr\/#organization"},"potentialAction":[{"@type":"SearchAction","target":{"@type":"EntryPoint","urlTemplate":"https:\/\/somme-compostelle.fr\/?s={search_term_string}"},"query-input":{"@type":"PropertyValueSpecification","valueRequired":true,"valueName":"search_term_string"}}],"inLanguage":"fr-FR"},{"@type":"Organization","@id":"https:\/\/somme-compostelle.fr\/#organization","name":"Somme Compostelle","url":"https:\/\/somme-compostelle.fr\/","logo":{"@type":"ImageObject","inLanguage":"fr-FR","@id":"https:\/\/somme-compostelle.fr\/#\/schema\/logo\/image\/","url":"","contentUrl":"","caption":"Somme Compostelle"},"image":{"@id":"https:\/\/somme-compostelle.fr\/#\/schema\/logo\/image\/"},"sameAs":["https:\/\/www.facebook.com\/sommeCompostelle\/"]}]}},"jetpack_likes_enabled":true,"jetpack_sharing_enabled":true,"_links":{"self":[{"href":"https:\/\/somme-compostelle.fr\/index.php\/wp-json\/wp\/v2\/pages\/1226","targetHints":{"allow":["GET"]}}],"collection":[{"href":"https:\/\/somme-compostelle.fr\/index.php\/wp-json\/wp\/v2\/pages"}],"about":[{"href":"https:\/\/somme-compostelle.fr\/index.php\/wp-json\/wp\/v2\/types\/page"}],"author":[{"embeddable":true,"href":"https:\/\/somme-compostelle.fr\/index.php\/wp-json\/wp\/v2\/users\/2"}],"replies":[{"embeddable":true,"href":"https:\/\/somme-compostelle.fr\/index.php\/wp-json\/wp\/v2\/comments?post=1226"}],"version-history":[{"count":4,"href":"https:\/\/somme-compostelle.fr\/index.php\/wp-json\/wp\/v2\/pages\/1226\/revisions"}],"predecessor-version":[{"id":1449,"href":"https:\/\/somme-compostelle.fr\/index.php\/wp-json\/wp\/v2\/pages\/1226\/revisions\/1449"}],"wp:attachment":[{"href":"https:\/\/somme-compostelle.fr\/index.php\/wp-json\/wp\/v2\/media?parent=1226"}],"curies":[{"name":"wp","href":"https:\/\/api.w.org\/{rel}","templated":true}]}}