{"id":432,"date":"2023-08-02T13:42:09","date_gmt":"2023-08-02T11:42:09","guid":{"rendered":"https:\/\/www.somme-compostelle.fr\/?page_id=432"},"modified":"2024-12-01T10:36:37","modified_gmt":"2024-12-01T09:36:37","slug":"liens-amitie-associations-compostelle","status":"publish","type":"page","link":"https:\/\/somme-compostelle.fr\/index.php\/liens-amitie-associations-compostelle\/","title":{"rendered":"Nos liens d&#8217;amiti\u00e9."},"content":{"rendered":"\n<p class=\"has-text-align-justify\" style=\"text-align: justify;\">Sur cette vous trouverez des informations sur les associations avec lesquelles nous entretenons des liens d&#8217;amiti\u00e9. Le but de cette page est bien entendu de vous faciliter la vie dans votre travail de recherche d&#8217;informations sur le p\u00e8lerinage. Vous y trouverez des associations jacquaires des d\u00e9partement limitrophes, des offices de tourisme,&#8230; Bref un joyeux m\u00e9langes de nos partenaires et amis!<\/p>\n\n\n\n<h2 class=\"wp-block-heading\">Les associations avec lesquelles nous entretenons des liens d&#8217;amiti\u00e9s.<\/h2>\n\n\n\n<div class=\"wp-block-columns is-layout-flex wp-container-core-columns-is-layout-9d6595d7 wp-block-columns-is-layout-flex\">\n<div class=\"wp-block-column is-layout-flow wp-block-column-is-layout-flow\" style=\"flex-basis:33.33%\">\n<figure class=\"wp-block-image size-full is-resized\"><a href=\"https:\/\/www.compostelle-france.fr\/\" target=\"_blank\" rel=\"noreferrer noopener\"><img loading=\"lazy\" decoding=\"async\" width=\"786\" height=\"558\" src=\"https:\/\/www.somme-compostelle.fr\/wp-content\/uploads\/2023\/08\/cropped-Compostelle-France-V3-1.png\" alt=\"FFACC\" class=\"wp-image-436\" style=\"width:245px;height:173px\" srcset=\"https:\/\/somme-compostelle.fr\/wp-content\/uploads\/2023\/08\/cropped-Compostelle-France-V3-1.png 786w, https:\/\/somme-compostelle.fr\/wp-content\/uploads\/2023\/08\/cropped-Compostelle-France-V3-1-300x213.png 300w, https:\/\/somme-compostelle.fr\/wp-content\/uploads\/2023\/08\/cropped-Compostelle-France-V3-1-768x545.png 768w, https:\/\/somme-compostelle.fr\/wp-content\/uploads\/2023\/08\/cropped-Compostelle-France-V3-1-120x85.png 120w, https:\/\/somme-compostelle.fr\/wp-content\/uploads\/2023\/08\/cropped-Compostelle-France-V3-1-600x426.png 600w\" sizes=\"auto, (max-width: 786px) 100vw, 786px\" \/><\/a><\/figure>\n<\/div>\n\n\n\n<div class=\"wp-block-column is-vertically-aligned-center is-layout-flow wp-block-column-is-layout-flow\" style=\"flex-basis:66.66%\">\n<p class=\"has-text-align-justify\" style=\"text-align: justify;\">La FFACC est une association ind\u00e9pendante sans but lucratif, f\u00e9d\u00e9rant des associations jacquaires partageant les m\u00eames valeurs universelles.<br \/>Elle regroupe les associations pour sauvegarder et promouvoir ces chemins, aider ceux qui les font vivre et accompagner les p\u00e8lerins.<\/p>\n<\/div>\n<\/div>\n\n\n\n<div class=\"wp-block-columns is-layout-flex wp-container-core-columns-is-layout-9d6595d7 wp-block-columns-is-layout-flex\">\n<div class=\"wp-block-column is-vertically-aligned-center is-layout-flow wp-block-column-is-layout-flow\" style=\"flex-basis:66.66%\">\n<p class=\"has-text-align-justify\" style=\"text-align: justify;\">L&#8217;office de tourisme Avre Luce Noye couvre un territoire que le chemin de Compostelle traverse. Sur ce site vous trouverez des h\u00e9bergements susceptibles d&#8217;accueillir des p\u00e8lerins. Outre cela, vous trouverez \u00e9galement des conseils touristiques pour profiter le mieux possible de votre cheminement en terres Picardes.<\/p>\n<\/div>\n\n\n\n<div class=\"wp-block-column is-layout-flow wp-block-column-is-layout-flow\" style=\"flex-basis:33.33%\">\n<figure class=\"wp-block-image size-large is-resized\"><img loading=\"lazy\" decoding=\"async\" width=\"1024\" height=\"1024\" src=\"https:\/\/www.somme-compostelle.fr\/wp-content\/uploads\/2023\/08\/logo-1080-x-1080-1024x1024.png\" alt=\"Office de tourisme Avre Luce Noye\" class=\"wp-image-640\" style=\"width:160px;height:160px\" srcset=\"https:\/\/somme-compostelle.fr\/wp-content\/uploads\/2023\/08\/logo-1080-x-1080-1024x1024.png 1024w, https:\/\/somme-compostelle.fr\/wp-content\/uploads\/2023\/08\/logo-1080-x-1080-300x300.png 300w, https:\/\/somme-compostelle.fr\/wp-content\/uploads\/2023\/08\/logo-1080-x-1080-150x150.png 150w, https:\/\/somme-compostelle.fr\/wp-content\/uploads\/2023\/08\/logo-1080-x-1080-768x768.png 768w, https:\/\/somme-compostelle.fr\/wp-content\/uploads\/2023\/08\/logo-1080-x-1080-1536x1536.png 1536w, https:\/\/somme-compostelle.fr\/wp-content\/uploads\/2023\/08\/logo-1080-x-1080-2048x2048.png 2048w, https:\/\/somme-compostelle.fr\/wp-content\/uploads\/2023\/08\/logo-1080-x-1080-1320x1320.png 1320w, https:\/\/somme-compostelle.fr\/wp-content\/uploads\/2023\/08\/logo-1080-x-1080-600x600.png 600w, https:\/\/somme-compostelle.fr\/wp-content\/uploads\/2023\/08\/logo-1080-x-1080-100x100.png 100w\" sizes=\"auto, (max-width: 1024px) 100vw, 1024px\" \/><figcaption class=\"wp-element-caption\">Office de tourisme Avre Luce Noye<\/figcaption><\/figure>\n<\/div>\n<\/div>\n\n\n\n<div class=\"wp-block-columns is-layout-flex wp-container-core-columns-is-layout-9d6595d7 wp-block-columns-is-layout-flex\">\n<div class=\"wp-block-column is-layout-flow wp-block-column-is-layout-flow\" style=\"flex-basis:33.33%\">\n<figure class=\"wp-block-image size-full\"><a href=\"https:\/\/www.ffrandonnee.fr\/\" target=\"_blank\" rel=\"noreferrer noopener\"><img loading=\"lazy\" decoding=\"async\" width=\"340\" height=\"103\" src=\"https:\/\/www.somme-compostelle.fr\/wp-content\/uploads\/2023\/08\/logo-ffr.png\" alt=\"Logo FFR\" class=\"wp-image-438\" srcset=\"https:\/\/somme-compostelle.fr\/wp-content\/uploads\/2023\/08\/logo-ffr.png 340w, https:\/\/somme-compostelle.fr\/wp-content\/uploads\/2023\/08\/logo-ffr-300x91.png 300w\" sizes=\"auto, (max-width: 340px) 100vw, 340px\" \/><\/a><\/figure>\n<\/div>\n\n\n\n<div class=\"wp-block-column is-vertically-aligned-center is-layout-flow wp-block-column-is-layout-flow\" style=\"flex-basis:66.66%\">\n<p class=\"has-text-align-justify\" style=\"text-align: justify;\">La F\u00e9d\u00e9ration Fran\u00e7aise de Randonn\u00e9e est un partenaire naturel des p\u00e8lerins. Nous entretenons d&#8217;excellentes relations avec ses repr\u00e9sentants, qui nous associent volontiers \u00e0 leurs manifestations.<\/p>\n<\/div>\n<\/div>\n\n\n\n<div class=\"wp-block-columns is-layout-flex wp-container-core-columns-is-layout-9d6595d7 wp-block-columns-is-layout-flex\">\n<div class=\"wp-block-column is-vertically-aligned-center is-layout-flow wp-block-column-is-layout-flow\" style=\"flex-basis:66.66%\">\n<p class=\"has-text-align-justify\" style=\"text-align: justify;\">&#8220;<strong><em>Sur les chemins de Compostelle<\/em><\/strong>&#8221; est une l&#8217;association voisine qui a \u00e9t\u00e9 la premi\u00e8re \u00e0 prendre contact avec nous et \u00e0 venir nous visiter. Dans cet esprit,\u00a0 Martin qui est un grand arpenteur devant l&#8217;\u00e9ternel nous a offert du mat\u00e9riel de balisage ainsi qu&#8217;un &#8220;<strong><em>Pas \u00e0 pas<\/em><\/strong>&#8221; du chemin qui relie Amiens \u00e0 Rouen.<\/p>\n<\/div>\n\n\n\n<div class=\"wp-block-column is-layout-flow wp-block-column-is-layout-flow\" style=\"flex-basis:33.33%\"><div class=\"wp-block-image\">\n<figure class=\"aligncenter size-full is-resized\"><a href=\"https:\/\/www.cheminscompostelle76.com\/\" target=\"_blank\" rel=\"noreferrer noopener\"><img loading=\"lazy\" decoding=\"async\" width=\"640\" height=\"640\" src=\"https:\/\/www.somme-compostelle.fr\/wp-content\/uploads\/2023\/08\/logo_chemins_mont_reduit-640x640-1.jpg\" alt=\"Logo chemins Mt St Michel\" class=\"wp-image-443\" style=\"width:167px;height:167px\" srcset=\"https:\/\/somme-compostelle.fr\/wp-content\/uploads\/2023\/08\/logo_chemins_mont_reduit-640x640-1.jpg 640w, https:\/\/somme-compostelle.fr\/wp-content\/uploads\/2023\/08\/logo_chemins_mont_reduit-640x640-1-300x300.jpg 300w, https:\/\/somme-compostelle.fr\/wp-content\/uploads\/2023\/08\/logo_chemins_mont_reduit-640x640-1-150x150.jpg 150w, https:\/\/somme-compostelle.fr\/wp-content\/uploads\/2023\/08\/logo_chemins_mont_reduit-640x640-1-600x600.jpg 600w, https:\/\/somme-compostelle.fr\/wp-content\/uploads\/2023\/08\/logo_chemins_mont_reduit-640x640-1-100x100.jpg 100w\" sizes=\"auto, (max-width: 640px) 100vw, 640px\" \/><\/a><\/figure>\n<\/div><\/div>\n<\/div>\n\n\n\n<div class=\"wp-block-media-text is-stacked-on-mobile\" style=\"grid-template-columns:22% auto\"><figure class=\"wp-block-media-text__media\"><a href=\"https:\/\/camino-santiago-de-compostela.com\/fr\/\" target=\"_blank\" rel=\"noreferrer noopener\"><img loading=\"lazy\" decoding=\"async\" width=\"210\" height=\"99\" src=\"https:\/\/www.somme-compostelle.fr\/wp-content\/uploads\/2023\/08\/logoMyCompostella.png\" alt=\"MyCompostella\" class=\"wp-image-636 size-full\"\/><\/a><\/figure><div class=\"wp-block-media-text__content\">\n<p class=\"has-text-align-justify\" style=\"text-align: justify;\">Un excellent site sur lequel vous trouverez une foule d&#8217;informations int\u00e9ressantes. Essentiellement beaucoup de renseignements pratiques sur les questions que se pose tout nouveau p\u00e8lerin!<\/p>\n<\/div><\/div>\n\n\n\n<div class=\"wp-block-columns is-layout-flex wp-container-core-columns-is-layout-9d6595d7 wp-block-columns-is-layout-flex\">\n<div class=\"wp-block-column is-vertically-aligned-center is-layout-flow wp-block-column-is-layout-flow\" style=\"flex-basis:66.66%\">\n<p class=\"has-text-align-justify\" style=\"text-align: justify;\"><strong>Sensibiliser<\/strong>&nbsp;les personnes \u00e0 la pr\u00e9servation de notre&nbsp;<strong>\u00e9cosyst\u00e8me<\/strong>, &nbsp;promouvoir les bienfaits de ce mode de p\u00e8lerinage en restant connect\u00e9 avec la nature qui nous entoure, rendre le p\u00e8lerin plus&nbsp;<strong>respectueux<\/strong>&nbsp;de chaque endroit qu&#8217;il traverse, que ce soit en zone urbaine ou rurale.<\/p>\n<\/div>\n\n\n\n<div class=\"wp-block-column is-layout-flow wp-block-column-is-layout-flow\" style=\"flex-basis:33.33%\"><div class=\"wp-block-image\">\n<figure class=\"aligncenter size-full is-resized\"><img loading=\"lazy\" decoding=\"async\" width=\"240\" height=\"240\" src=\"https:\/\/www.somme-compostelle.fr\/wp-content\/uploads\/2023\/11\/compostelleAide.png\" alt=\"Logo Compostelle Aide\" class=\"wp-image-984\" style=\"aspect-ratio:1;width:151px;height:auto\" srcset=\"https:\/\/somme-compostelle.fr\/wp-content\/uploads\/2023\/11\/compostelleAide.png 240w, https:\/\/somme-compostelle.fr\/wp-content\/uploads\/2023\/11\/compostelleAide-150x150.png 150w, https:\/\/somme-compostelle.fr\/wp-content\/uploads\/2023\/11\/compostelleAide-100x100.png 100w\" sizes=\"auto, (max-width: 240px) 100vw, 240px\" \/><\/figure>\n<\/div><\/div>\n<\/div>\n\n\n\n<div class=\"wp-block-media-text is-stacked-on-mobile\" style=\"grid-template-columns:15% auto\"><figure class=\"wp-block-media-text__media\"><a href=\"https:\/\/casajac.org\/index.html\" target=\"_blank\" rel=\"noreferrer noopener\"><img loading=\"lazy\" decoding=\"async\" width=\"78\" height=\"84\" src=\"https:\/\/www.somme-compostelle.fr\/wp-content\/uploads\/2024\/04\/compiegne.png\" alt=\"\" class=\"wp-image-1326 size-full\"\/><\/a><\/figure><div class=\"wp-block-media-text__content\">\n<p class=\"has-text-align-justify\" style=\"text-align: justify;\">Amis de Saint Jacques de Compostelle \u00e0 Compi\u00e8gne. Une association qui s&#8217;occupe plus particuli\u00e8rement du gite p\u00e8lerins \u00e0 Compi\u00e8gne. Tr\u00e8s r\u00e9active et de tr\u00e8s bons conseils!<\/p>\n<\/div><\/div>\n\n\n\n<div class=\"wp-block-columns is-layout-flex wp-container-core-columns-is-layout-9d6595d7 wp-block-columns-is-layout-flex\">\n<div class=\"wp-block-column is-vertically-aligned-center is-layout-flow wp-block-column-is-layout-flow\" style=\"flex-basis:66.66%\">\n<p class=\"has-text-align-justify\" style=\"text-align: justify;\"><b><a href=\"https:\/\/compostelle2000.org\/\">Compostelle 2000<\/a> : <\/b>une association d&#8217;aide aux p\u00e8lerins en ile de France. Association tr\u00e8s tr\u00e8s dynamique, chaleureusement et proposant de multiples activit\u00e9s en lien avec la d\u00e9marche de marche sur une chemin de p\u00e8lerinage. Si vous souhaitez une visite du chemin sur Paris, n&#8217;h\u00e9sitez pas, vous ne trouverez pas mieux !<\/p>\n<\/div>\n\n\n\n<div class=\"wp-block-column is-layout-flow wp-block-column-is-layout-flow\" style=\"flex-basis:33.33%\">\n<figure class=\"wp-block-image size-full is-resized\"><img loading=\"lazy\" decoding=\"async\" width=\"372\" height=\"207\" src=\"https:\/\/www.somme-compostelle.fr\/wp-content\/uploads\/2024\/12\/Logo-C2000-SiteV2actu-1.jpg\" alt=\"\" class=\"wp-image-1541\" style=\"width:302px;height:auto\" srcset=\"https:\/\/somme-compostelle.fr\/wp-content\/uploads\/2024\/12\/Logo-C2000-SiteV2actu-1.jpg 372w, https:\/\/somme-compostelle.fr\/wp-content\/uploads\/2024\/12\/Logo-C2000-SiteV2actu-1-300x167.jpg 300w, https:\/\/somme-compostelle.fr\/wp-content\/uploads\/2024\/12\/Logo-C2000-SiteV2actu-1-150x83.jpg 150w\" sizes=\"auto, (max-width: 372px) 100vw, 372px\" \/><\/figure>\n<\/div>\n<\/div>\n","protected":false},"excerpt":{"rendered":"<p>Sur cette vous trouverez des informations sur les associations avec lesquelles nous entretenons des liens d&#8217;amiti\u00e9. Le but de cette page est bien entendu de &hellip; <\/p>\n","protected":false},"author":2,"featured_media":0,"parent":0,"menu_order":0,"comment_status":"closed","ping_status":"closed","template":"","meta":{"_EventAllDay":false,"_EventTimezone":"","_EventStartDate":"","_EventEndDate":"","_EventStartDateUTC":"","_EventEndDateUTC":"","_EventShowMap":false,"_EventShowMapLink":false,"_EventURL":"","_EventCost":"","_EventCostDescription":"","_EventCurrencySymbol":"","_EventCurrencyCode":"","_EventCurrencyPosition":"","_EventDateTimeSeparator":"","_EventTimeRangeSeparator":"","_EventOrganizerID":[],"_EventVenueID":[],"_OrganizerEmail":"","_OrganizerPhone":"","_OrganizerWebsite":"","_VenueAddress":"","_VenueCity":"","_VenueCountry":"","_VenueProvince":"","_VenueState":"","_VenueZip":"","_VenuePhone":"","_VenueURL":"","_VenueStateProvince":"","_VenueLat":"","_VenueLng":"","_VenueShowMap":false,"_VenueShowMapLink":false,"footnotes":""},"class_list":["post-432","page","type-page","status-publish","hentry"],"yoast_head":"<!-- This site is optimized with the Yoast SEO plugin v27.6 - https:\/\/yoast.com\/product\/yoast-seo-wordpress\/ -->\n<title>liens amiti\u00e9 associations<\/title>\n<meta name=\"description\" content=\"Liste des associations avec lesquelles nous entretenons des liens d&#039;amiti\u00e9.liens amiti\u00e9 associations compostelle\" \/>\n<meta name=\"robots\" content=\"index, follow, max-snippet:-1, max-image-preview:large, max-video-preview:-1\" \/>\n<link rel=\"canonical\" href=\"https:\/\/somme-compostelle.fr\/index.php\/liens-amitie-associations-compostelle\/\" \/>\n<meta property=\"og:locale\" content=\"fr_FR\" \/>\n<meta property=\"og:type\" content=\"article\" \/>\n<meta property=\"og:title\" content=\"liens amiti\u00e9 associations\" \/>\n<meta property=\"og:description\" content=\"Liste des associations avec lesquelles nous entretenons des liens d&#039;amiti\u00e9.liens amiti\u00e9 associations compostelle\" \/>\n<meta property=\"og:url\" content=\"https:\/\/somme-compostelle.fr\/index.php\/liens-amitie-associations-compostelle\/\" \/>\n<meta property=\"og:site_name\" content=\"Somme Compostelle\" \/>\n<meta property=\"article:publisher\" content=\"https:\/\/www.facebook.com\/sommeCompostelle\/\" \/>\n<meta property=\"article:modified_time\" content=\"2024-12-01T09:36:37+00:00\" \/>\n<meta property=\"og:image\" content=\"https:\/\/www.somme-compostelle.fr\/wp-content\/uploads\/2023\/08\/cropped-Compostelle-France-V3-1.png\" \/>\n<meta name=\"twitter:card\" content=\"summary_large_image\" \/>\n<meta name=\"twitter:label1\" content=\"Dur\u00e9e de lecture estim\u00e9e\" \/>\n\t<meta name=\"twitter:data1\" content=\"4 minutes\" \/>\n<script type=\"application\/ld+json\" class=\"yoast-schema-graph\">{\"@context\":\"https:\\\/\\\/schema.org\",\"@graph\":[{\"@type\":\"WebPage\",\"@id\":\"https:\\\/\\\/somme-compostelle.fr\\\/index.php\\\/liens-amitie-associations-compostelle\\\/\",\"url\":\"https:\\\/\\\/somme-compostelle.fr\\\/index.php\\\/liens-amitie-associations-compostelle\\\/\",\"name\":\"liens amiti\u00e9 associations\",\"isPartOf\":{\"@id\":\"https:\\\/\\\/somme-compostelle.fr\\\/#website\"},\"primaryImageOfPage\":{\"@id\":\"https:\\\/\\\/somme-compostelle.fr\\\/index.php\\\/liens-amitie-associations-compostelle\\\/#primaryimage\"},\"image\":{\"@id\":\"https:\\\/\\\/somme-compostelle.fr\\\/index.php\\\/liens-amitie-associations-compostelle\\\/#primaryimage\"},\"thumbnailUrl\":\"https:\\\/\\\/www.somme-compostelle.fr\\\/wp-content\\\/uploads\\\/2023\\\/08\\\/cropped-Compostelle-France-V3-1.png\",\"datePublished\":\"2023-08-02T11:42:09+00:00\",\"dateModified\":\"2024-12-01T09:36:37+00:00\",\"description\":\"Liste des associations avec lesquelles nous entretenons des liens d'amiti\u00e9.liens amiti\u00e9 associations compostelle\",\"breadcrumb\":{\"@id\":\"https:\\\/\\\/somme-compostelle.fr\\\/index.php\\\/liens-amitie-associations-compostelle\\\/#breadcrumb\"},\"inLanguage\":\"fr-FR\",\"potentialAction\":[{\"@type\":\"ReadAction\",\"target\":[\"https:\\\/\\\/somme-compostelle.fr\\\/index.php\\\/liens-amitie-associations-compostelle\\\/\"]}]},{\"@type\":\"ImageObject\",\"inLanguage\":\"fr-FR\",\"@id\":\"https:\\\/\\\/somme-compostelle.fr\\\/index.php\\\/liens-amitie-associations-compostelle\\\/#primaryimage\",\"url\":\"https:\\\/\\\/www.somme-compostelle.fr\\\/wp-content\\\/uploads\\\/2023\\\/08\\\/cropped-Compostelle-France-V3-1.png\",\"contentUrl\":\"https:\\\/\\\/www.somme-compostelle.fr\\\/wp-content\\\/uploads\\\/2023\\\/08\\\/cropped-Compostelle-France-V3-1.png\"},{\"@type\":\"BreadcrumbList\",\"@id\":\"https:\\\/\\\/somme-compostelle.fr\\\/index.php\\\/liens-amitie-associations-compostelle\\\/#breadcrumb\",\"itemListElement\":[{\"@type\":\"ListItem\",\"position\":1,\"name\":\"Home\",\"item\":\"https:\\\/\\\/somme-compostelle.fr\\\/\"},{\"@type\":\"ListItem\",\"position\":2,\"name\":\"Nos liens d&#8217;amiti\u00e9.\"}]},{\"@type\":\"WebSite\",\"@id\":\"https:\\\/\\\/somme-compostelle.fr\\\/#website\",\"url\":\"https:\\\/\\\/somme-compostelle.fr\\\/\",\"name\":\"Somme Compostelle\",\"description\":\"Le chemin est la destination !\",\"publisher\":{\"@id\":\"https:\\\/\\\/somme-compostelle.fr\\\/#organization\"},\"potentialAction\":[{\"@type\":\"SearchAction\",\"target\":{\"@type\":\"EntryPoint\",\"urlTemplate\":\"https:\\\/\\\/somme-compostelle.fr\\\/?s={search_term_string}\"},\"query-input\":{\"@type\":\"PropertyValueSpecification\",\"valueRequired\":true,\"valueName\":\"search_term_string\"}}],\"inLanguage\":\"fr-FR\"},{\"@type\":\"Organization\",\"@id\":\"https:\\\/\\\/somme-compostelle.fr\\\/#organization\",\"name\":\"Somme Compostelle\",\"url\":\"https:\\\/\\\/somme-compostelle.fr\\\/\",\"logo\":{\"@type\":\"ImageObject\",\"inLanguage\":\"fr-FR\",\"@id\":\"https:\\\/\\\/somme-compostelle.fr\\\/#\\\/schema\\\/logo\\\/image\\\/\",\"url\":\"\",\"contentUrl\":\"\",\"caption\":\"Somme Compostelle\"},\"image\":{\"@id\":\"https:\\\/\\\/somme-compostelle.fr\\\/#\\\/schema\\\/logo\\\/image\\\/\"},\"sameAs\":[\"https:\\\/\\\/www.facebook.com\\\/sommeCompostelle\\\/\"]}]}<\/script>\n<!-- \/ Yoast SEO plugin. -->","yoast_head_json":{"title":"liens amiti\u00e9 associations","description":"Liste des associations avec lesquelles nous entretenons des liens d'amiti\u00e9.liens amiti\u00e9 associations compostelle","robots":{"index":"index","follow":"follow","max-snippet":"max-snippet:-1","max-image-preview":"max-image-preview:large","max-video-preview":"max-video-preview:-1"},"canonical":"https:\/\/somme-compostelle.fr\/index.php\/liens-amitie-associations-compostelle\/","og_locale":"fr_FR","og_type":"article","og_title":"liens amiti\u00e9 associations","og_description":"Liste des associations avec lesquelles nous entretenons des liens d'amiti\u00e9.liens amiti\u00e9 associations compostelle","og_url":"https:\/\/somme-compostelle.fr\/index.php\/liens-amitie-associations-compostelle\/","og_site_name":"Somme Compostelle","article_publisher":"https:\/\/www.facebook.com\/sommeCompostelle\/","article_modified_time":"2024-12-01T09:36:37+00:00","og_image":[{"url":"https:\/\/www.somme-compostelle.fr\/wp-content\/uploads\/2023\/08\/cropped-Compostelle-France-V3-1.png","type":"","width":"","height":""}],"twitter_card":"summary_large_image","twitter_misc":{"Dur\u00e9e de lecture estim\u00e9e":"4 minutes"},"schema":{"@context":"https:\/\/schema.org","@graph":[{"@type":"WebPage","@id":"https:\/\/somme-compostelle.fr\/index.php\/liens-amitie-associations-compostelle\/","url":"https:\/\/somme-compostelle.fr\/index.php\/liens-amitie-associations-compostelle\/","name":"liens amiti\u00e9 associations","isPartOf":{"@id":"https:\/\/somme-compostelle.fr\/#website"},"primaryImageOfPage":{"@id":"https:\/\/somme-compostelle.fr\/index.php\/liens-amitie-associations-compostelle\/#primaryimage"},"image":{"@id":"https:\/\/somme-compostelle.fr\/index.php\/liens-amitie-associations-compostelle\/#primaryimage"},"thumbnailUrl":"https:\/\/www.somme-compostelle.fr\/wp-content\/uploads\/2023\/08\/cropped-Compostelle-France-V3-1.png","datePublished":"2023-08-02T11:42:09+00:00","dateModified":"2024-12-01T09:36:37+00:00","description":"Liste des associations avec lesquelles nous entretenons des liens d'amiti\u00e9.liens amiti\u00e9 associations compostelle","breadcrumb":{"@id":"https:\/\/somme-compostelle.fr\/index.php\/liens-amitie-associations-compostelle\/#breadcrumb"},"inLanguage":"fr-FR","potentialAction":[{"@type":"ReadAction","target":["https:\/\/somme-compostelle.fr\/index.php\/liens-amitie-associations-compostelle\/"]}]},{"@type":"ImageObject","inLanguage":"fr-FR","@id":"https:\/\/somme-compostelle.fr\/index.php\/liens-amitie-associations-compostelle\/#primaryimage","url":"https:\/\/www.somme-compostelle.fr\/wp-content\/uploads\/2023\/08\/cropped-Compostelle-France-V3-1.png","contentUrl":"https:\/\/www.somme-compostelle.fr\/wp-content\/uploads\/2023\/08\/cropped-Compostelle-France-V3-1.png"},{"@type":"BreadcrumbList","@id":"https:\/\/somme-compostelle.fr\/index.php\/liens-amitie-associations-compostelle\/#breadcrumb","itemListElement":[{"@type":"ListItem","position":1,"name":"Home","item":"https:\/\/somme-compostelle.fr\/"},{"@type":"ListItem","position":2,"name":"Nos liens d&#8217;amiti\u00e9."}]},{"@type":"WebSite","@id":"https:\/\/somme-compostelle.fr\/#website","url":"https:\/\/somme-compostelle.fr\/","name":"Somme Compostelle","description":"Le chemin est la destination !","publisher":{"@id":"https:\/\/somme-compostelle.fr\/#organization"},"potentialAction":[{"@type":"SearchAction","target":{"@type":"EntryPoint","urlTemplate":"https:\/\/somme-compostelle.fr\/?s={search_term_string}"},"query-input":{"@type":"PropertyValueSpecification","valueRequired":true,"valueName":"search_term_string"}}],"inLanguage":"fr-FR"},{"@type":"Organization","@id":"https:\/\/somme-compostelle.fr\/#organization","name":"Somme Compostelle","url":"https:\/\/somme-compostelle.fr\/","logo":{"@type":"ImageObject","inLanguage":"fr-FR","@id":"https:\/\/somme-compostelle.fr\/#\/schema\/logo\/image\/","url":"","contentUrl":"","caption":"Somme Compostelle"},"image":{"@id":"https:\/\/somme-compostelle.fr\/#\/schema\/logo\/image\/"},"sameAs":["https:\/\/www.facebook.com\/sommeCompostelle\/"]}]}},"jetpack_likes_enabled":true,"jetpack_sharing_enabled":true,"_links":{"self":[{"href":"https:\/\/somme-compostelle.fr\/index.php\/wp-json\/wp\/v2\/pages\/432","targetHints":{"allow":["GET"]}}],"collection":[{"href":"https:\/\/somme-compostelle.fr\/index.php\/wp-json\/wp\/v2\/pages"}],"about":[{"href":"https:\/\/somme-compostelle.fr\/index.php\/wp-json\/wp\/v2\/types\/page"}],"author":[{"embeddable":true,"href":"https:\/\/somme-compostelle.fr\/index.php\/wp-json\/wp\/v2\/users\/2"}],"replies":[{"embeddable":true,"href":"https:\/\/somme-compostelle.fr\/index.php\/wp-json\/wp\/v2\/comments?post=432"}],"version-history":[{"count":15,"href":"https:\/\/somme-compostelle.fr\/index.php\/wp-json\/wp\/v2\/pages\/432\/revisions"}],"predecessor-version":[{"id":1544,"href":"https:\/\/somme-compostelle.fr\/index.php\/wp-json\/wp\/v2\/pages\/432\/revisions\/1544"}],"wp:attachment":[{"href":"https:\/\/somme-compostelle.fr\/index.php\/wp-json\/wp\/v2\/media?parent=432"}],"curies":[{"name":"wp","href":"https:\/\/api.w.org\/{rel}","templated":true}]}}